{"id":3672,"date":"2022-06-08T16:41:24","date_gmt":"2022-06-08T14:41:24","guid":{"rendered":"https:\/\/www.fotovol.cat\/?post_type=proyectos&#038;p=3672"},"modified":"2026-02-16T10:16:00","modified_gmt":"2026-02-16T09:16:00","slug":"installacio-per-autoconsum-sobre-coberta","status":"publish","type":"proyectos","link":"https:\/\/fotovol.com\/ca\/proyectos\/installacio-per-autoconsum-sobre-coberta\/","title":{"rendered":"Alzamora"},"content":{"rendered":"<h5 id=\"installacio-per-autoconsum\"><strong>Instal\u00b7laci\u00f3 per autoconsum<\/strong><\/h5>\n<p>Projecte executat a Sant Joan Les Fonts, consistent en una instal\u00b7laci\u00f3 per autoconsum sobre coberta amb una pot\u00e8ncia de 486 kWp. Aquesta instal\u00b7laci\u00f3, formada per m\u00e9s de 1.050 panells fotovoltaics categoria\u00a0Tier 1, els quals representaran un estalvi anual de m\u00e9s de 155 tones de CO2.<\/p>\n<p>L\u2019estructura dels panells consisteix en un sistema de suport combinat entre adhesi\u00f3 a fa\u00e7ana i llast. D\u2019aquesta forma, la seva fixaci\u00f3 no afecta la malla asf\u00e0ltica que protegeix la coberta.<\/p>\n<h5 id=\"empresa-alzamora\"><strong>Empresa Alzamora<\/strong><\/h5>\n<p>La promotora de la instal\u00b7laci\u00f3 per autoconsum sobre coberta \u00e9s <a href=\"https:\/\/www.alzamoragroup.com\/\" target=\"_blank\" rel=\"noopener\">Alzamora Group<\/a>, una empresa dedicada al sector del <em>packaging<\/em> de cartr\u00f3. Aquesta activitat implica l\u2019\u00fas de grans impressores i altra maquin\u00e0ria, pel que, des d\u2019un punt de vista energ\u00e8tic, parlem d\u2019un consum molt intensiu. \u00c9s per aix\u00f2, que disposar d\u2019un sistema propi de generaci\u00f3 d\u2019energia verda \u00e9s considerat un actiu estrat\u00e8gic per l\u2019empresa, ja que li permet reduir considerablement la seva despesa energ\u00e8tica.<\/p>\n<h5 id=\"tramitacio-i-gestio\"><strong>Tramitaci\u00f3 i gesti\u00f3<\/strong><\/h5>\n<p>Des de Fotovol, tamb\u00e9 els hem preparat i acompanyat en el proc\u00e9s de sol\u00b7licitud de la subvenci\u00f3 per instal\u00b7lacions fotovoltaiques d\u2019autoconsum. Aquest fet ha obert a <a href=\"https:\/\/www.alzamoragroup.com\/compromiso-sostenible\/\" target=\"_blank\" rel=\"noopener\">Alzamora Group<\/a> la possibilitat de rebre una ajuda valorada en un 25% del cost total de la instal\u00b7laci\u00f3.<\/p>\n<p>L\u2019experi\u00e8ncia t\u00e8cnica del nostre equip i l\u2019exig\u00e8ncia professional que ens imposem, ens ha perm\u00e8s realitzar una excel\u00b7lent execuci\u00f3 d\u2019una instal\u00b7laci\u00f3 per autoconsum sobre coberta. A m\u00e9s, la gesti\u00f3 de la tramitaci\u00f3 que oferim en tots els nostres projectes ha fet que el proc\u00e9s avanc\u00e9s amb rapidesa i professionalitat. Gr\u00e0cies a les instal\u00b7lacions per autoconsum, minimitzem l\u2019impacte ambiental del sector industrial, complint un dels nostres valors que ens defineixen com empresa.<\/p>\n","protected":false},"featured_media":3673,"template":"","meta":{"_acf_changed":false,"footnotes":""},"estado_del_proyecto":[14],"tipo_de_proyecto":[8],"destacados_en_portada":[23,44],"class_list":["post-3672","proyectos","type-proyectos","status-publish","has-post-thumbnail","hentry","estado_del_proyecto-proyectos-en-funcionamiento","tipo_de_proyecto-projectes-autoconsum-industrial","destacados_en_portada-destacado-en-portada","destacados_en_portada-destacado-en-portada-es"],"acf":[],"_links":{"self":[{"href":"https:\/\/fotovol.com\/ca\/wp-json\/wp\/v2\/proyectos\/3672","targetHints":{"allow":["GET"]}}],"collection":[{"href":"https:\/\/fotovol.com\/ca\/wp-json\/wp\/v2\/proyectos"}],"about":[{"href":"https:\/\/fotovol.com\/ca\/wp-json\/wp\/v2\/types\/proyectos"}],"version-history":[{"count":1,"href":"https:\/\/fotovol.com\/ca\/wp-json\/wp\/v2\/proyectos\/3672\/revisions"}],"predecessor-version":[{"id":17380,"href":"https:\/\/fotovol.com\/ca\/wp-json\/wp\/v2\/proyectos\/3672\/revisions\/17380"}],"wp:featuredmedia":[{"embeddable":true,"href":"https:\/\/fotovol.com\/ca\/wp-json\/wp\/v2\/media\/3673"}],"wp:attachment":[{"href":"https:\/\/fotovol.com\/ca\/wp-json\/wp\/v2\/media?parent=3672"}],"wp:term":[{"taxonomy":"estado_del_proyecto","embeddable":true,"href":"https:\/\/fotovol.com\/ca\/wp-json\/wp\/v2\/estado_del_proyecto?post=3672"},{"taxonomy":"tipo_de_proyecto","embeddable":true,"href":"https:\/\/fotovol.com\/ca\/wp-json\/wp\/v2\/tipo_de_proyecto?post=3672"},{"taxonomy":"destacados_en_portada","embeddable":true,"href":"https:\/\/fotovol.com\/ca\/wp-json\/wp\/v2\/destacados_en_portada?post=3672"}],"curies":[{"name":"wp","href":"https:\/\/api.w.org\/{rel}","templated":true}]}}

<h5 id="installacio-per-autoconsum"><strong>Instal·lació per autoconsum</strong></h5>
<p>Projecte executat a Sant Joan Les Fonts, consistent en una instal·lació per autoconsum sobre coberta amb una potència de 486 kWp. Aquesta instal·lació, formada per més de 1.050 panells fotovoltaics categoria Tier 1, els quals representaran un estalvi anual de més de 155 tones de CO2.</p>
<p>L’estructura dels panells consisteix en un sistema de suport combinat entre adhesió a façana i llast. D’aquesta forma, la seva fixació no afecta la malla asfàltica que protegeix la coberta.</p>
<h5 id="empresa-alzamora"><strong>Empresa Alzamora</strong></h5>
<p>La promotora de la instal·lació per autoconsum sobre coberta és <a href="https://www.alzamoragroup.com/" target="_blank" rel="noopener">Alzamora Group</a>, una empresa dedicada al sector del <em>packaging</em> de cartró. Aquesta activitat implica l’ús de grans impressores i altra maquinària, pel que, des d’un punt de vista energètic, parlem d’un consum molt intensiu. És per això, que disposar d’un sistema propi de generació d’energia verda és considerat un actiu estratègic per l’empresa, ja que li permet reduir considerablement la seva despesa energètica.</p>
<h5 id="tramitacio-i-gestio"><strong>Tramitació i gestió</strong></h5>
<p>Des de Fotovol, també els hem preparat i acompanyat en el procés de sol·licitud de la subvenció per instal·lacions fotovoltaiques d’autoconsum. Aquest fet ha obert a <a href="https://www.alzamoragroup.com/compromiso-sostenible/" target="_blank" rel="noopener">Alzamora Group</a> la possibilitat de rebre una ajuda valorada en un 25% del cost total de la instal·lació.</p>
<p>L’experiència tècnica del nostre equip i l’exigència professional que ens imposem, ens ha permès realitzar una excel·lent execució d’una instal·lació per autoconsum sobre coberta. A més, la gestió de la tramitació que oferim en tots els nostres projectes ha fet que el procés avancés amb rapidesa i professionalitat. Gràcies a les instal·lacions per autoconsum, minimitzem l’impacte ambiental del sector industrial, complint un dels nostres valors que ens defineixen com empresa.</p>
