{"id":5546,"date":"2023-04-11T09:00:32","date_gmt":"2023-04-11T07:00:32","guid":{"rendered":"https:\/\/www.fotovol.cat\/?post_type=proyectos&#038;p=5546"},"modified":"2026-02-16T10:15:38","modified_gmt":"2026-02-16T09:15:38","slug":"ginesta","status":"publish","type":"proyectos","link":"https:\/\/fotovol.com\/ca\/proyectos\/ginesta\/","title":{"rendered":"Ginesta"},"content":{"rendered":"<h5 id=\"installacio-per-autoconsum\"><strong>Instal\u00b7laci\u00f3 per autoconsum<\/strong><\/h5>\n<p>Projecte executat a Vidreres, consistent en una instal\u00b7laci\u00f3 per autoconsum sobre coberta amb una pot\u00e8ncia de 45 kWp. Aquesta instal\u00b7laci\u00f3, est\u00e0 formada per m\u00e9s de 99 panells fotovoltaics categoria Trina TSM-Vertex 505 Wp. Aquests representaran un estalvi anual de m\u00e9s de 15 tones de CO2.<\/p>\n<p>L\u2019estructura dels panells consisteix en un sistema de suport coplanar amb sistema MultiRail d\u2019alumini anoditzat, el qual ofereix una molt bona resist\u00e8ncia al pas del temps. Gr\u00e0cies a aquesta instal\u00b7laci\u00f3, l\u2019empresa Ginesta est\u00e0 estalviant gran part de les emissions de CO2 generades durant la seva activitat, alhora que retalla la seva despesa energ\u00e8tica de manera considerable.<\/p>\n<h5 id=\"empresa-ginesta\"><strong>Empresa Ginesta<\/strong><\/h5>\n<p>La promotora de la instal\u00b7laci\u00f3 \u00e9s Ginesta, (<a href=\"https:\/\/www.ginesta.org\/ca\/\" target=\"_blank\" rel=\"noopener\">https:\/\/www.ginesta.org\/ca\/<\/a>) una empresa dedicada a la comercialitzaci\u00f3 d\u2019embotits, carn fresca, precuinats i sala d\u2019especejament. Aquesta instal\u00b7laci\u00f3, est\u00e0 estalviant gran part de les emissions de CO2 generades durant la seva activitat. A m\u00e9s, alhora retalla la seva despesa energ\u00e8tica de forma considerable.<\/p>\n<p>La instal\u00b7laci\u00f3 els permetr\u00e0 amortitzar la inversi\u00f3 realitzada en aproximadament 4 anys, i disposar d\u2019un sistema fotovoltaic durant m\u00e9s de 25 anys. A m\u00e9s, garanteix una garantia de rendiment del 85% sobre la seva producci\u00f3 inicial.<\/p>\n<h5 id=\"tramitacio-i-gestio\"><strong>Tramitaci\u00f3 i gesti\u00f3<\/strong><\/h5>\n<p>L\u2019experi\u00e8ncia t\u00e8cnica del nostre equip i l\u2019exig\u00e8ncia professional que ens imposem, ens ha perm\u00e8s realitzar una excel\u00b7lent execuci\u00f3 d\u2019una instal\u00b7laci\u00f3 per autoconsum. A m\u00e9s, la gesti\u00f3 de la tramitaci\u00f3 que oferim en tots els nostres projectes ha fet que el proc\u00e9s avanc\u00e9s amb rapidesa i professionalitat. Gr\u00e0cies la instal\u00b7laci\u00f3 per autoconsum a Ginesta, minimitzem l\u2019impacte ambiental del sector industrial, complint un dels nostres valors que ens defineixen com empresa.<\/p>\n","protected":false},"featured_media":6503,"template":"","meta":{"_acf_changed":false,"footnotes":""},"estado_del_proyecto":[14],"tipo_de_proyecto":[8],"destacados_en_portada":[44],"class_list":["post-5546","proyectos","type-proyectos","status-publish","has-post-thumbnail","hentry","estado_del_proyecto-proyectos-en-funcionamiento","tipo_de_proyecto-projectes-autoconsum-industrial","destacados_en_portada-destacado-en-portada-es"],"acf":[],"_links":{"self":[{"href":"https:\/\/fotovol.com\/ca\/wp-json\/wp\/v2\/proyectos\/5546","targetHints":{"allow":["GET"]}}],"collection":[{"href":"https:\/\/fotovol.com\/ca\/wp-json\/wp\/v2\/proyectos"}],"about":[{"href":"https:\/\/fotovol.com\/ca\/wp-json\/wp\/v2\/types\/proyectos"}],"version-history":[{"count":1,"href":"https:\/\/fotovol.com\/ca\/wp-json\/wp\/v2\/proyectos\/5546\/revisions"}],"predecessor-version":[{"id":17377,"href":"https:\/\/fotovol.com\/ca\/wp-json\/wp\/v2\/proyectos\/5546\/revisions\/17377"}],"wp:featuredmedia":[{"embeddable":true,"href":"https:\/\/fotovol.com\/ca\/wp-json\/wp\/v2\/media\/6503"}],"wp:attachment":[{"href":"https:\/\/fotovol.com\/ca\/wp-json\/wp\/v2\/media?parent=5546"}],"wp:term":[{"taxonomy":"estado_del_proyecto","embeddable":true,"href":"https:\/\/fotovol.com\/ca\/wp-json\/wp\/v2\/estado_del_proyecto?post=5546"},{"taxonomy":"tipo_de_proyecto","embeddable":true,"href":"https:\/\/fotovol.com\/ca\/wp-json\/wp\/v2\/tipo_de_proyecto?post=5546"},{"taxonomy":"destacados_en_portada","embeddable":true,"href":"https:\/\/fotovol.com\/ca\/wp-json\/wp\/v2\/destacados_en_portada?post=5546"}],"curies":[{"name":"wp","href":"https:\/\/api.w.org\/{rel}","templated":true}]}}

<h5 id="installacio-per-autoconsum"><strong>Instal·lació per autoconsum</strong></h5>
<p>Projecte executat a Vidreres, consistent en una instal·lació per autoconsum sobre coberta amb una potència de 45 kWp. Aquesta instal·lació, està formada per més de 99 panells fotovoltaics categoria Trina TSM-Vertex 505 Wp. Aquests representaran un estalvi anual de més de 15 tones de CO2.</p>
<p>L’estructura dels panells consisteix en un sistema de suport coplanar amb sistema MultiRail d’alumini anoditzat, el qual ofereix una molt bona resistència al pas del temps. Gràcies a aquesta instal·lació, l’empresa Ginesta està estalviant gran part de les emissions de CO2 generades durant la seva activitat, alhora que retalla la seva despesa energètica de manera considerable.</p>
<h5 id="empresa-ginesta"><strong>Empresa Ginesta</strong></h5>
<p>La promotora de la instal·lació és Ginesta, (<a href="https://www.ginesta.org/ca/" target="_blank" rel="noopener">https://www.ginesta.org/ca/</a>) una empresa dedicada a la comercialització d’embotits, carn fresca, precuinats i sala d’especejament. Aquesta instal·lació, està estalviant gran part de les emissions de CO2 generades durant la seva activitat. A més, alhora retalla la seva despesa energètica de forma considerable.</p>
<p>La instal·lació els permetrà amortitzar la inversió realitzada en aproximadament 4 anys, i disposar d’un sistema fotovoltaic durant més de 25 anys. A més, garanteix una garantia de rendiment del 85% sobre la seva producció inicial.</p>
<h5 id="tramitacio-i-gestio"><strong>Tramitació i gestió</strong></h5>
<p>L’experiència tècnica del nostre equip i l’exigència professional que ens imposem, ens ha permès realitzar una excel·lent execució d’una instal·lació per autoconsum. A més, la gestió de la tramitació que oferim en tots els nostres projectes ha fet que el procés avancés amb rapidesa i professionalitat. Gràcies la instal·lació per autoconsum a Ginesta, minimitzem l’impacte ambiental del sector industrial, complint un dels nostres valors que ens defineixen com empresa.</p>
