{"id":5559,"date":"2023-04-11T09:28:16","date_gmt":"2023-04-11T07:28:16","guid":{"rendered":"https:\/\/www.fotovol.cat\/?post_type=proyectos&#038;p=5559"},"modified":"2026-02-16T10:15:50","modified_gmt":"2026-02-16T09:15:50","slug":"granja-de-gurb","status":"publish","type":"proyectos","link":"https:\/\/fotovol.com\/ca\/proyectos\/granja-de-gurb\/","title":{"rendered":"Granja de Gurb"},"content":{"rendered":"<h5 id=\"installacio-per-autoconsum\"><strong>Instal\u00b7laci\u00f3 per autoconsum<\/strong><\/h5>\n<p>Projecte en ple funcionament a Gurb, consistent en una instal\u00b7laci\u00f3 fotovoltaica per autoconsum sobre coberta amb una pot\u00e8ncia de 15 kWp. Aquesta instal\u00b7laci\u00f3, est\u00e0 formada per 30 panells fotovoltaics monocristal\u00b7lins de 490 Wp, els quals generen un estalvi anual aproximat de 7 tones de CO2.<\/p>\n<p>L\u2019estructura dels panells consisteix en un sistema de suports coplanar amb sistema MultiRail d\u2019alumini anoditzat, el qual ofereix una bona resist\u00e8ncia al pas del temps.<\/p>\n<h5 id=\"granja-gurb\"><strong>Granja Gurb<\/strong><\/h5>\n<p>La promotora de la instal\u00b7laci\u00f3 \u00e9s la Granja Gurb. Amb aquesta instal\u00b7laci\u00f3, est\u00e0 estalviant gran part de les emissions de CO2 generades durant la seva activitat, alhora que retalla la seva despesa energ\u00e8tica. Aix\u00f2 els permetr\u00e0 amortitzar la inversi\u00f3 realitzada en aproximadament 3 anys, i disposar d\u2019un sistema fotovoltaic durant m\u00e9s de 25 anys. A m\u00e9s, garanteix una garantia de rendiment del 85% sobre la seva producci\u00f3 inicial.<\/p>\n<h5 id=\"tramitacio-i-gestio\"><strong>Tramitaci\u00f3 i gesti\u00f3<\/strong><\/h5>\n<p>L\u2019experi\u00e8ncia t\u00e8cnica del nostre equip i l\u2019exig\u00e8ncia professional que ens imposem, ens ha perm\u00e8s realitzar una excel\u00b7lent execuci\u00f3 d\u2019una instal\u00b7laci\u00f3. A m\u00e9s, la gesti\u00f3 de la tramitaci\u00f3 que oferim en tots els nostres projectes ha fet que el proc\u00e9s avanc\u00e9s amb rapidesa i professionalitat. Gr\u00e0cies a instal\u00b7lacions com aquesta, minimitzem l\u2019impacte ambiental, complint un dels nostres valors que ens defineixen com empresa.<\/p>\n","protected":false},"featured_media":5560,"template":"","meta":{"_acf_changed":false,"footnotes":""},"estado_del_proyecto":[14],"tipo_de_proyecto":[8],"destacados_en_portada":[23,44],"class_list":["post-5559","proyectos","type-proyectos","status-publish","has-post-thumbnail","hentry","estado_del_proyecto-proyectos-en-funcionamiento","tipo_de_proyecto-projectes-autoconsum-industrial","destacados_en_portada-destacado-en-portada","destacados_en_portada-destacado-en-portada-es"],"acf":[],"_links":{"self":[{"href":"https:\/\/fotovol.com\/ca\/wp-json\/wp\/v2\/proyectos\/5559","targetHints":{"allow":["GET"]}}],"collection":[{"href":"https:\/\/fotovol.com\/ca\/wp-json\/wp\/v2\/proyectos"}],"about":[{"href":"https:\/\/fotovol.com\/ca\/wp-json\/wp\/v2\/types\/proyectos"}],"version-history":[{"count":1,"href":"https:\/\/fotovol.com\/ca\/wp-json\/wp\/v2\/proyectos\/5559\/revisions"}],"predecessor-version":[{"id":17379,"href":"https:\/\/fotovol.com\/ca\/wp-json\/wp\/v2\/proyectos\/5559\/revisions\/17379"}],"wp:featuredmedia":[{"embeddable":true,"href":"https:\/\/fotovol.com\/ca\/wp-json\/wp\/v2\/media\/5560"}],"wp:attachment":[{"href":"https:\/\/fotovol.com\/ca\/wp-json\/wp\/v2\/media?parent=5559"}],"wp:term":[{"taxonomy":"estado_del_proyecto","embeddable":true,"href":"https:\/\/fotovol.com\/ca\/wp-json\/wp\/v2\/estado_del_proyecto?post=5559"},{"taxonomy":"tipo_de_proyecto","embeddable":true,"href":"https:\/\/fotovol.com\/ca\/wp-json\/wp\/v2\/tipo_de_proyecto?post=5559"},{"taxonomy":"destacados_en_portada","embeddable":true,"href":"https:\/\/fotovol.com\/ca\/wp-json\/wp\/v2\/destacados_en_portada?post=5559"}],"curies":[{"name":"wp","href":"https:\/\/api.w.org\/{rel}","templated":true}]}}

<h5 id="installacio-per-autoconsum"><strong>Instal·lació per autoconsum</strong></h5>
<p>Projecte en ple funcionament a Gurb, consistent en una instal·lació fotovoltaica per autoconsum sobre coberta amb una potència de 15 kWp. Aquesta instal·lació, està formada per 30 panells fotovoltaics monocristal·lins de 490 Wp, els quals generen un estalvi anual aproximat de 7 tones de CO2.</p>
<p>L’estructura dels panells consisteix en un sistema de suports coplanar amb sistema MultiRail d’alumini anoditzat, el qual ofereix una bona resistència al pas del temps.</p>
<h5 id="granja-gurb"><strong>Granja Gurb</strong></h5>
<p>La promotora de la instal·lació és la Granja Gurb. Amb aquesta instal·lació, està estalviant gran part de les emissions de CO2 generades durant la seva activitat, alhora que retalla la seva despesa energètica. Això els permetrà amortitzar la inversió realitzada en aproximadament 3 anys, i disposar d’un sistema fotovoltaic durant més de 25 anys. A més, garanteix una garantia de rendiment del 85% sobre la seva producció inicial.</p>
<h5 id="tramitacio-i-gestio"><strong>Tramitació i gestió</strong></h5>
<p>L’experiència tècnica del nostre equip i l’exigència professional que ens imposem, ens ha permès realitzar una excel·lent execució d’una instal·lació. A més, la gestió de la tramitació que oferim en tots els nostres projectes ha fet que el procés avancés amb rapidesa i professionalitat. Gràcies a instal·lacions com aquesta, minimitzem l’impacte ambiental, complint un dels nostres valors que ens defineixen com empresa.</p>
