{"id":5567,"date":"2023-04-11T09:34:36","date_gmt":"2023-04-11T07:34:36","guid":{"rendered":"https:\/\/www.fotovol.cat\/?post_type=proyectos&#038;p=5567"},"modified":"2025-05-14T15:32:45","modified_gmt":"2025-05-14T13:32:45","slug":"comercial-amat","status":"publish","type":"proyectos","link":"https:\/\/fotovol.com\/ca\/proyectos\/comercial-amat\/","title":{"rendered":"Comercial Amat"},"content":{"rendered":"\n<p><\/p><h5 id=\"instalacion-por-autoconsumo\">Instalaci\u00f3n por autoconsumo<\/h5><br\/><p>Projecte executat i en ple funcionament a l&#8217;empresa Comercial Amat, situat a Cor\u00e7\u00e0. Consisteix en una instal\u00b7laci\u00f3 per autoconsum sobre coberta amb una pot\u00e8ncia de 322 kWp. A m\u00e9s, est\u00e0 formada per 708 panells fotovoltaics monocristal\u00b7lins 505\/MR, els quals generen un estalvi anual aproximat de 105 tones de CO\u2082.  <\/p><br\/><p><br\/>L&#8217;estructura dels panells consisteix en un sistema de suport coplanar, juntament amb un sistema multirail d&#8217;alumini anoditzat. Aquest darrer ofereix una molt bona resist\u00e8ncia al pas del temps. <\/p><br\/><h5 id=\"empresa-comercial-amat\">Empresa Comercial\u00a0Amat<\/h5><br\/><p>La promotora de la instal\u00b7laci\u00f3 \u00e9s <a href=\"https:\/\/amatemporda.cat\/\" target=\"_blank\" rel=\"noopener\">Comercial Amat<\/a> , una empresa dedicada a la distribuci\u00f3 de productes gastron\u00f2mics. Gr\u00e0cies a aquesta instal\u00b7laci\u00f3, Comercial Amat est\u00e0 estalviant gran part de les emissions de CO\u2082 generades durant la seva activitat. A m\u00e9s, alhora retalla la seva despesa energ\u00e8tica de manera considerable. La instal\u00b7laci\u00f3 permetr\u00e0 amortitzar la inversi\u00f3 realitzada en aproximadament 4 anys, i disposar d&#8217;un sistema fotovoltaic durant m\u00e9s de 25 anys. A m\u00e9s, garanteix una garantia de rendiment del 85% sobre la producci\u00f3 inicial.    <\/p><br\/><h5 id=\"tramitacion-y-gestion\">Tramitaci\u00f3n y gesti\u00f3n<\/h5><br\/><p>L&#8217;experi\u00e8ncia t\u00e8cnica del nostre equip i l&#8217;exig\u00e8ncia professional que ens imposem, ens ha perm\u00e8s fer una excel\u00b7lent execuci\u00f3 d&#8217;una instal\u00b7laci\u00f3 per autoconsum. A m\u00e9s, la gesti\u00f3 de la tramitaci\u00f3 que oferim a tots els nostres projectes ha fet que el proc\u00e9s avanc\u00e9s amb rapidesa i professionalitat. Gr\u00e0cies a la instal\u00b7laci\u00f3 per autoconsum a Comercial Amat, minimitzem l&#8217;impacte ambiental del sector industrial, complint un dels nostres valors que ens defineixen com a empresa.  <\/p>\n","protected":false},"featured_media":6475,"template":"","meta":{"_acf_changed":false,"footnotes":""},"estado_del_proyecto":[14],"tipo_de_proyecto":[8],"destacados_en_portada":[44],"class_list":["post-5567","proyectos","type-proyectos","status-publish","has-post-thumbnail","hentry","estado_del_proyecto-proyectos-en-funcionamiento","tipo_de_proyecto-projectes-autoconsum-industrial","destacados_en_portada-destacado-en-portada-es"],"acf":[],"_links":{"self":[{"href":"https:\/\/fotovol.com\/ca\/wp-json\/wp\/v2\/proyectos\/5567","targetHints":{"allow":["GET"]}}],"collection":[{"href":"https:\/\/fotovol.com\/ca\/wp-json\/wp\/v2\/proyectos"}],"about":[{"href":"https:\/\/fotovol.com\/ca\/wp-json\/wp\/v2\/types\/proyectos"}],"version-history":[{"count":0,"href":"https:\/\/fotovol.com\/ca\/wp-json\/wp\/v2\/proyectos\/5567\/revisions"}],"wp:featuredmedia":[{"embeddable":true,"href":"https:\/\/fotovol.com\/ca\/wp-json\/wp\/v2\/media\/6475"}],"wp:attachment":[{"href":"https:\/\/fotovol.com\/ca\/wp-json\/wp\/v2\/media?parent=5567"}],"wp:term":[{"taxonomy":"estado_del_proyecto","embeddable":true,"href":"https:\/\/fotovol.com\/ca\/wp-json\/wp\/v2\/estado_del_proyecto?post=5567"},{"taxonomy":"tipo_de_proyecto","embeddable":true,"href":"https:\/\/fotovol.com\/ca\/wp-json\/wp\/v2\/tipo_de_proyecto?post=5567"},{"taxonomy":"destacados_en_portada","embeddable":true,"href":"https:\/\/fotovol.com\/ca\/wp-json\/wp\/v2\/destacados_en_portada?post=5567"}],"curies":[{"name":"wp","href":"https:\/\/api.w.org\/{rel}","templated":true}]}}

<p></p><h5 id="instalacion-por-autoconsumo">Instalación por autoconsumo</h5><br/><p>Projecte executat i en ple funcionament a l&#8217;empresa Comercial Amat, situat a Corçà. Consisteix en una instal·lació per autoconsum sobre coberta amb una potència de 322 kWp. A més, està formada per 708 panells fotovoltaics monocristal·lins 505/MR, els quals generen un estalvi anual aproximat de 105 tones de CO₂.  </p><br/><p><br/>L&#8217;estructura dels panells consisteix en un sistema de suport coplanar, juntament amb un sistema multirail d&#8217;alumini anoditzat. Aquest darrer ofereix una molt bona resistència al pas del temps. </p><br/><h5 id="empresa-comercial-amat">Empresa Comercial Amat</h5><br/><p>La promotora de la instal·lació és <a href="https://amatemporda.cat/" target="_blank" rel="noopener">Comercial Amat</a> , una empresa dedicada a la distribució de productes gastronòmics. Gràcies a aquesta instal·lació, Comercial Amat està estalviant gran part de les emissions de CO₂ generades durant la seva activitat. A més, alhora retalla la seva despesa energètica de manera considerable. La instal·lació permetrà amortitzar la inversió realitzada en aproximadament 4 anys, i disposar d&#8217;un sistema fotovoltaic durant més de 25 anys. A més, garanteix una garantia de rendiment del 85% sobre la producció inicial.    </p><br/><h5 id="tramitacion-y-gestion">Tramitación y gestión</h5><br/><p>L&#8217;experiència tècnica del nostre equip i l&#8217;exigència professional que ens imposem, ens ha permès fer una excel·lent execució d&#8217;una instal·lació per autoconsum. A més, la gestió de la tramitació que oferim a tots els nostres projectes ha fet que el procés avancés amb rapidesa i professionalitat. Gràcies a la instal·lació per autoconsum a Comercial Amat, minimitzem l&#8217;impacte ambiental del sector industrial, complint un dels nostres valors que ens defineixen com a empresa.  </p>
