{"id":6604,"date":"2023-08-07T11:00:39","date_gmt":"2023-08-07T09:00:39","guid":{"rendered":"https:\/\/www.fotovol.cat\/?post_type=proyectos&#038;p=6604"},"modified":"2026-02-16T10:16:03","modified_gmt":"2026-02-16T09:16:03","slug":"mecaniques-ricol","status":"publish","type":"proyectos","link":"https:\/\/fotovol.com\/ca\/proyectos\/mecaniques-ricol\/","title":{"rendered":"Mec\u00e0niques Ricol"},"content":{"rendered":"<h5 id=\"installacio-per-autoconsum\"><strong>Instal\u00b7laci\u00f3 per autoconsum<\/strong><\/h5>\n<p>Projecte executat i en ple funcionament a Girona, consistent en una instal\u00b7laci\u00f3 per autoconsum sobre coberta amb una pot\u00e8ncia de 50 kWp. Aquesta instal\u00b7laci\u00f3, est\u00e0 formada per m\u00e9s de 110 panells fotovoltaics. Aquests representaran un estalvi anual de m\u00e9s de 15 tones de CO2.<\/p>\n<p>L\u2019estructura dels panells consisteix en un sistema de suport d\u2019alumini apte per la instal\u00b7laci\u00f3 de panells sobre cobertes inclinades. Gr\u00e0cies a aquesta instal\u00b7laci\u00f3, l\u2019empresa Mec\u00e0niques Ricol est\u00e0 estalviant gran part de les emissions de CO2 generades durant la seva activitat, alhora que retalla la seva despesa energ\u00e8tica de manera considerable.<\/p>\n<h5 id=\"empresa-mecaniques-ricol\"><strong>Empresa Mec\u00e0niques Ricol<\/strong><\/h5>\n<p>La promotora de la instal\u00b7laci\u00f3 \u00e9s Mec\u00e0niques Ricol, (<a href=\"https:\/\/www.mricol.com\/\" target=\"_blank\" rel=\"noopener\">https:\/\/www.mricol.com\/<\/a>) una empresa especialitzada en estampaci\u00f3 de peces met\u00e0l\u00b7liques en fred. Aquesta instal\u00b7laci\u00f3, est\u00e0 estalviant gran part de les emissions de CO2 generades durant la seva activitat. A m\u00e9s, alhora retalla la seva despesa energ\u00e8tica de forma considerable.<\/p>\n<p>La instal\u00b7laci\u00f3 els permetr\u00e0 amortitzar la inversi\u00f3 realitzada en aproximadament 4 anys, i disposar d\u2019un sistema fotovoltaic durant m\u00e9s de 25 anys. A m\u00e9s, garanteix una garantia de rendiment del 85% sobre la seva producci\u00f3 inicial.<\/p>\n<h5 id=\"tramitacio-i-gestio\"><strong>Tramitaci\u00f3 i gesti\u00f3<\/strong><\/h5>\n<p>L\u2019experi\u00e8ncia t\u00e8cnica del nostre equip i l\u2019exig\u00e8ncia professional que ens imposem, ens ha perm\u00e8s realitzar una excel\u00b7lent execuci\u00f3 d\u2019una instal\u00b7laci\u00f3 per autoconsum. A m\u00e9s, la gesti\u00f3 de la tramitaci\u00f3 que oferim en tots els nostres projectes ha fet que el proc\u00e9s avanc\u00e9s amb rapidesa i professionalitat. Gr\u00e0cies la instal\u00b7laci\u00f3 per autoconsum a Mec\u00e0niques Ricol, minimitzem l\u2019impacte ambiental del sector industrial, complint un dels nostres valors que ens defineixen com empresa.<\/p>\n","protected":false},"featured_media":6605,"template":"","meta":{"_acf_changed":false,"footnotes":""},"estado_del_proyecto":[],"tipo_de_proyecto":[8],"destacados_en_portada":[44,23],"class_list":["post-6604","proyectos","type-proyectos","status-publish","has-post-thumbnail","hentry","tipo_de_proyecto-projectes-autoconsum-industrial","destacados_en_portada-destacado-en-portada-es","destacados_en_portada-destacado-en-portada"],"acf":[],"_links":{"self":[{"href":"https:\/\/fotovol.com\/ca\/wp-json\/wp\/v2\/proyectos\/6604","targetHints":{"allow":["GET"]}}],"collection":[{"href":"https:\/\/fotovol.com\/ca\/wp-json\/wp\/v2\/proyectos"}],"about":[{"href":"https:\/\/fotovol.com\/ca\/wp-json\/wp\/v2\/types\/proyectos"}],"version-history":[{"count":1,"href":"https:\/\/fotovol.com\/ca\/wp-json\/wp\/v2\/proyectos\/6604\/revisions"}],"predecessor-version":[{"id":17381,"href":"https:\/\/fotovol.com\/ca\/wp-json\/wp\/v2\/proyectos\/6604\/revisions\/17381"}],"wp:featuredmedia":[{"embeddable":true,"href":"https:\/\/fotovol.com\/ca\/wp-json\/wp\/v2\/media\/6605"}],"wp:attachment":[{"href":"https:\/\/fotovol.com\/ca\/wp-json\/wp\/v2\/media?parent=6604"}],"wp:term":[{"taxonomy":"estado_del_proyecto","embeddable":true,"href":"https:\/\/fotovol.com\/ca\/wp-json\/wp\/v2\/estado_del_proyecto?post=6604"},{"taxonomy":"tipo_de_proyecto","embeddable":true,"href":"https:\/\/fotovol.com\/ca\/wp-json\/wp\/v2\/tipo_de_proyecto?post=6604"},{"taxonomy":"destacados_en_portada","embeddable":true,"href":"https:\/\/fotovol.com\/ca\/wp-json\/wp\/v2\/destacados_en_portada?post=6604"}],"curies":[{"name":"wp","href":"https:\/\/api.w.org\/{rel}","templated":true}]}}

Mecàniques Ricol

<h5 id="installacio-per-autoconsum"><strong>Instal·lació per autoconsum</strong></h5>
<p>Projecte executat i en ple funcionament a Girona, consistent en una instal·lació per autoconsum sobre coberta amb una potència de 50 kWp. Aquesta instal·lació, està formada per més de 110 panells fotovoltaics. Aquests representaran un estalvi anual de més de 15 tones de CO2.</p>
<p>L’estructura dels panells consisteix en un sistema de suport d’alumini apte per la instal·lació de panells sobre cobertes inclinades. Gràcies a aquesta instal·lació, l’empresa Mecàniques Ricol està estalviant gran part de les emissions de CO2 generades durant la seva activitat, alhora que retalla la seva despesa energètica de manera considerable.</p>
<h5 id="empresa-mecaniques-ricol"><strong>Empresa Mecàniques Ricol</strong></h5>
<p>La promotora de la instal·lació és Mecàniques Ricol, (<a href="https://www.mricol.com/" target="_blank" rel="noopener">https://www.mricol.com/</a>) una empresa especialitzada en estampació de peces metàl·liques en fred. Aquesta instal·lació, està estalviant gran part de les emissions de CO2 generades durant la seva activitat. A més, alhora retalla la seva despesa energètica de forma considerable.</p>
<p>La instal·lació els permetrà amortitzar la inversió realitzada en aproximadament 4 anys, i disposar d’un sistema fotovoltaic durant més de 25 anys. A més, garanteix una garantia de rendiment del 85% sobre la seva producció inicial.</p>
<h5 id="tramitacio-i-gestio"><strong>Tramitació i gestió</strong></h5>
<p>L’experiència tècnica del nostre equip i l’exigència professional que ens imposem, ens ha permès realitzar una excel·lent execució d’una instal·lació per autoconsum. A més, la gestió de la tramitació que oferim en tots els nostres projectes ha fet que el procés avancés amb rapidesa i professionalitat. Gràcies la instal·lació per autoconsum a Mecàniques Ricol, minimitzem l’impacte ambiental del sector industrial, complint un dels nostres valors que ens defineixen com empresa.</p>
