{"id":11209,"date":"2023-03-06T10:19:30","date_gmt":"2023-03-06T09:19:30","guid":{"rendered":"https:\/\/fotovol.com\/servei\/installacio-i-manteniment-daires-condicionats\/"},"modified":"2026-02-16T16:00:00","modified_gmt":"2026-02-16T15:00:00","slug":"installacio-i-manteniment-daires-condicionats","status":"publish","type":"servei","link":"https:\/\/fotovol.com\/ca\/servei\/installacio-i-manteniment-daires-condicionats\/","title":{"rendered":"Instal\u00b7laci\u00f3 i manteniment d&#8217;aire condicionat"},"content":{"rendered":"\n<p>Oferim un servei complet d&#8217; <strong>instal\u00b7laci\u00f3 i manteniment d&#8217;aire condicionat<\/strong> adaptat a tot tipus d&#8217;espais: habitatges particulars, oficines, comer\u00e7os i <strong>cases rurals<\/strong> . Instal\u00b7lem equips d\u00b4alta efici\u00e8ncia energ\u00e8tica amb una climatitzaci\u00f3 silenciosa, c\u00f2moda i de baix consum. <\/p>\n\n\n\n<p><\/p>\n","protected":false},"featured_media":11125,"template":"","class_list":["post-11209","servei","type-servei","status-publish","has-post-thumbnail","hentry"],"acf":[],"_links":{"self":[{"href":"https:\/\/fotovol.com\/ca\/wp-json\/wp\/v2\/servei\/11209","targetHints":{"allow":["GET"]}}],"collection":[{"href":"https:\/\/fotovol.com\/ca\/wp-json\/wp\/v2\/servei"}],"about":[{"href":"https:\/\/fotovol.com\/ca\/wp-json\/wp\/v2\/types\/servei"}],"version-history":[{"count":1,"href":"https:\/\/fotovol.com\/ca\/wp-json\/wp\/v2\/servei\/11209\/revisions"}],"predecessor-version":[{"id":17606,"href":"https:\/\/fotovol.com\/ca\/wp-json\/wp\/v2\/servei\/11209\/revisions\/17606"}],"wp:featuredmedia":[{"embeddable":true,"href":"https:\/\/fotovol.com\/ca\/wp-json\/wp\/v2\/media\/11125"}],"wp:attachment":[{"href":"https:\/\/fotovol.com\/ca\/wp-json\/wp\/v2\/media?parent=11209"}],"curies":[{"name":"wp","href":"https:\/\/api.w.org\/{rel}","templated":true}]}}

Instal·lació i manteniment d&#8217;aire condicionat

<p>Oferim un servei complet d&#8217; <strong>instal·lació i manteniment d&#8217;aire condicionat</strong> adaptat a tot tipus d&#8217;espais: habitatges particulars, oficines, comerços i <strong>cases rurals</strong> . Instal·lem equips d´alta eficiència energètica amb una climatització silenciosa, còmoda i de baix consum. </p>



<p></p>
