{"id":4876,"date":"2023-03-14T10:34:03","date_gmt":"2023-03-14T09:34:03","guid":{"rendered":"https:\/\/www.fotovol.cat\/?post_type=servei&#038;p=4876"},"modified":"2026-02-16T15:39:46","modified_gmt":"2026-02-16T14:39:46","slug":"hortes-solars","status":"publish","type":"servei","link":"https:\/\/fotovol.com\/ca\/servei\/hortes-solars\/","title":{"rendered":"Instal\u00b7laci\u00f3 i gesti\u00f3 d&#8217;hortes solars en s\u00f2l"},"content":{"rendered":"&#13;\n<p>Si voleu promoure l&#8217;execuci\u00f3 d&#8217;una horta solar, <strong>som el vostre <em>Epecista<\/em><\/strong> . En altres paraules, ens encarreguem les tasques d\u201fenginyeria, d\u201fobtenci\u00f3 de permisos, d\u201fexecuci\u00f3 de projectes, i de la realitzaci\u00f3 d\u201festudis mediambientals i de viabilitat t\u00e8cnica i econ\u00f2mica. <\/p>&#13;\n&#13;\n<p>Tamb\u00e9 oferim serveis de <strong>neteja i manteniment<\/strong> , de <strong><em>revamping<\/em><\/strong> , i d&#8217; <strong>estudis termogr\u00e0fics<\/strong> per les hortes solars en funcionament, essencials tots per garantir l&#8217;efici\u00e8ncia de l&#8217;horta solar, i per controlar i substituir a temps els m\u00f2duls fotovoltaics que no tinguin una producci\u00f3 \u00f2ptima.  <\/p>&#13;\n","protected":false},"featured_media":599,"template":"","class_list":["post-4876","servei","type-servei","status-publish","has-post-thumbnail","hentry"],"acf":[],"_links":{"self":[{"href":"https:\/\/fotovol.com\/ca\/wp-json\/wp\/v2\/servei\/4876","targetHints":{"allow":["GET"]}}],"collection":[{"href":"https:\/\/fotovol.com\/ca\/wp-json\/wp\/v2\/servei"}],"about":[{"href":"https:\/\/fotovol.com\/ca\/wp-json\/wp\/v2\/types\/servei"}],"version-history":[{"count":1,"href":"https:\/\/fotovol.com\/ca\/wp-json\/wp\/v2\/servei\/4876\/revisions"}],"predecessor-version":[{"id":17592,"href":"https:\/\/fotovol.com\/ca\/wp-json\/wp\/v2\/servei\/4876\/revisions\/17592"}],"wp:featuredmedia":[{"embeddable":true,"href":"https:\/\/fotovol.com\/ca\/wp-json\/wp\/v2\/media\/599"}],"wp:attachment":[{"href":"https:\/\/fotovol.com\/ca\/wp-json\/wp\/v2\/media?parent=4876"}],"curies":[{"name":"wp","href":"https:\/\/api.w.org\/{rel}","templated":true}]}}

Instal·lació i gestió d&#8217;hortes solars en sòl

&#13;
<p>Si voleu promoure l&#8217;execució d&#8217;una horta solar, <strong>som el vostre <em>Epecista</em></strong> . En altres paraules, ens encarreguem les tasques d‟enginyeria, d‟obtenció de permisos, d‟execució de projectes, i de la realització d‟estudis mediambientals i de viabilitat tècnica i econòmica. </p>&#13;
&#13;
<p>També oferim serveis de <strong>neteja i manteniment</strong> , de <strong><em>revamping</em></strong> , i d&#8217; <strong>estudis termogràfics</strong> per les hortes solars en funcionament, essencials tots per garantir l&#8217;eficiència de l&#8217;horta solar, i per controlar i substituir a temps els mòduls fotovoltaics que no tinguin una producció òptima.  </p>&#13;
